{"id":169,"date":"2022-05-29T22:49:59","date_gmt":"2022-05-29T20:49:59","guid":{"rendered":"https:\/\/www.krgprojects.com\/index.php\/chambre-1\/"},"modified":"2025-12-14T18:47:35","modified_gmt":"2025-12-14T17:47:35","slug":"chambre-1","status":"publish","type":"page","link":"https:\/\/www.krgprojects.com\/index.php\/visite-par-piece\/1er-etage\/chambre-1\/","title":{"rendered":"Chambre 1"},"content":{"rendered":"\n<h2 class=\"wp-block-heading\">Prix<\/h2>\n\n\n\n<ul class=\"wp-block-list\">\n<li>Loyer : 510 \u20ac<\/li>\n\n\n\n<li>Provision pour charges : 60 \u20ac (r\u00e9gularisation annuelle)<\/li>\n<\/ul>\n\n\n\n<h2 class=\"wp-block-heading\">Description<\/h2>\n\n\n\n<p>Grande chambre de 14 m2 avec un fauteuil et un dressing.<\/p>\n\n\n\n<p>Tr\u00e8s spacieuse, elle est constitu\u00e9e d&rsquo;un grand lit 2 places avec une t\u00eate de lit, 1 table de chevet, 1 lampe et un bureau avec un fauteuil, une lampe de bureau.<\/p>\n\n\n\n<p>Un tapis agr\u00e9mente le sol de la chambre dans laquelle vous vous sentirez imm\u00e9diatement \u00e0 l&rsquo;aise.<\/p>\n\n\n\n<figure class=\"wp-block-gallery has-nested-images columns-default is-cropped wp-block-gallery-1 is-layout-flex wp-block-gallery-is-layout-flex\">\n<figure class=\"wp-block-image size-large\"><img loading=\"lazy\" decoding=\"async\" width=\"1024\" height=\"768\" data-id=\"294\" src=\"https:\/\/www.krgprojects.com\/wp-content\/uploads\/2022\/06\/ch1-2-1024x768.jpeg\" alt=\"\" class=\"wp-image-294\" srcset=\"https:\/\/www.krgprojects.com\/wp-content\/uploads\/2022\/06\/ch1-2-1024x768.jpeg 1024w, https:\/\/www.krgprojects.com\/wp-content\/uploads\/2022\/06\/ch1-2-300x225.jpeg 300w, https:\/\/www.krgprojects.com\/wp-content\/uploads\/2022\/06\/ch1-2-768x576.jpeg 768w, https:\/\/www.krgprojects.com\/wp-content\/uploads\/2022\/06\/ch1-2-1536x1152.jpeg 1536w, https:\/\/www.krgprojects.com\/wp-content\/uploads\/2022\/06\/ch1-2-2048x1536.jpeg 2048w, https:\/\/www.krgprojects.com\/wp-content\/uploads\/2022\/06\/ch1-2-2000x1500.jpeg 2000w\" sizes=\"auto, (max-width: 1024px) 100vw, 1024px\" \/><\/figure>\n<\/figure>\n\n\n\n<div class=\"wp-block-columns is-layout-flex wp-container-core-columns-is-layout-9d6595d7 wp-block-columns-is-layout-flex\">\n<div class=\"wp-block-column is-layout-flow wp-block-column-is-layout-flow\" style=\"flex-basis:50%\">\n<figure class=\"wp-block-video\"><video height=\"1920\" style=\"aspect-ratio: 1080 \/ 1920;\" width=\"1080\" controls src=\"https:\/\/www.krgprojects.com\/wp-content\/uploads\/2022\/06\/ch1.mp4-music.mp4\"><\/video><\/figure>\n<\/div>\n<\/div>\n","protected":false},"excerpt":{"rendered":"<p>Prix Description Grande chambre de 14 m2 avec un fauteuil et un dressing. Tr\u00e8s spacieuse, elle est constitu\u00e9e d&rsquo;un grand lit 2 places avec une t\u00eate de lit, 1 table de chevet, 1 lampe et un bureau avec un fauteuil, une lampe de bureau. Un tapis agr\u00e9mente le sol de la chambre dans laquelle vous &hellip; <\/p>\n<p class=\"link-more\"><a href=\"https:\/\/www.krgprojects.com\/index.php\/visite-par-piece\/1er-etage\/chambre-1\/\" class=\"more-link\">Lire la suite de<span class=\"screen-reader-text\">\u00ab\u00a0Chambre 1\u00a0\u00bb<\/span><\/a><\/p>\n","protected":false},"author":1,"featured_media":0,"parent":194,"menu_order":2,"comment_status":"closed","ping_status":"closed","template":"","meta":{"footnotes":""},"class_list":["post-169","page","type-page","status-publish","hentry"],"_links":{"self":[{"href":"https:\/\/www.krgprojects.com\/index.php\/wp-json\/wp\/v2\/pages\/169","targetHints":{"allow":["GET"]}}],"collection":[{"href":"https:\/\/www.krgprojects.com\/index.php\/wp-json\/wp\/v2\/pages"}],"about":[{"href":"https:\/\/www.krgprojects.com\/index.php\/wp-json\/wp\/v2\/types\/page"}],"author":[{"embeddable":true,"href":"https:\/\/www.krgprojects.com\/index.php\/wp-json\/wp\/v2\/users\/1"}],"replies":[{"embeddable":true,"href":"https:\/\/www.krgprojects.com\/index.php\/wp-json\/wp\/v2\/comments?post=169"}],"version-history":[{"count":16,"href":"https:\/\/www.krgprojects.com\/index.php\/wp-json\/wp\/v2\/pages\/169\/revisions"}],"predecessor-version":[{"id":508,"href":"https:\/\/www.krgprojects.com\/index.php\/wp-json\/wp\/v2\/pages\/169\/revisions\/508"}],"up":[{"embeddable":true,"href":"https:\/\/www.krgprojects.com\/index.php\/wp-json\/wp\/v2\/pages\/194"}],"wp:attachment":[{"href":"https:\/\/www.krgprojects.com\/index.php\/wp-json\/wp\/v2\/media?parent=169"}],"curies":[{"name":"wp","href":"https:\/\/api.w.org\/{rel}","templated":true}]}}