{"id":203,"date":"2022-05-30T22:45:34","date_gmt":"2022-05-30T20:45:24","guid":{"rendered":"https:\/\/www.krgprojects.com\/index.php\/henry13-votre-super-colocation-a-angers\/1er-etage\/chambre-1-2-2-2\/"},"modified":"2025-12-14T18:42:29","modified_gmt":"2025-12-14T17:42:29","slug":"chambre-2","status":"publish","type":"page","link":"https:\/\/www.krgprojects.com\/index.php\/visite-par-piece\/1er-etage\/chambre-2\/","title":{"rendered":"Chambre 2"},"content":{"rendered":"\n<h2 class=\"wp-block-heading\">Prix<\/h2>\n\n\n\n<ul class=\"wp-block-list\">\n<li>Loyer : 485 \u20ac<\/li>\n\n\n\n<li>Provision pour charges : 60 \u20ac (r\u00e9gularisation annuelle)<\/li>\n<\/ul>\n\n\n\n<h2 class=\"wp-block-heading\">Description<\/h2>\n\n\n\n<p>Belle chambre lumineuse de 11 m2.<\/p>\n\n\n\n<p>Agr\u00e9ablement illumin\u00e9e par les rayons du soleil en milieu d&rsquo;apr\u00e8s-midi, elle est constitu\u00e9e d&rsquo;un grand lit 2 places avec une t\u00eate de lit, 1 table de chevet, 1 lampe et un bureau avec une lampe de bureau.<\/p>\n\n\n\n<figure class=\"wp-block-gallery has-nested-images columns-default is-cropped wp-block-gallery-1 is-layout-flex wp-block-gallery-is-layout-flex\">\n<figure class=\"wp-block-image size-large\"><img loading=\"lazy\" decoding=\"async\" width=\"1024\" height=\"768\" data-id=\"296\" src=\"https:\/\/www.krgprojects.com\/wp-content\/uploads\/2022\/06\/ch2-2-1024x768.jpg\" alt=\"\" class=\"wp-image-296\" srcset=\"https:\/\/www.krgprojects.com\/wp-content\/uploads\/2022\/06\/ch2-2-1024x768.jpg 1024w, https:\/\/www.krgprojects.com\/wp-content\/uploads\/2022\/06\/ch2-2-300x225.jpg 300w, https:\/\/www.krgprojects.com\/wp-content\/uploads\/2022\/06\/ch2-2-768x576.jpg 768w, https:\/\/www.krgprojects.com\/wp-content\/uploads\/2022\/06\/ch2-2-1536x1152.jpg 1536w, https:\/\/www.krgprojects.com\/wp-content\/uploads\/2022\/06\/ch2-2-2048x1536.jpg 2048w, https:\/\/www.krgprojects.com\/wp-content\/uploads\/2022\/06\/ch2-2-2000x1500.jpg 2000w\" sizes=\"auto, (max-width: 1024px) 100vw, 1024px\" \/><\/figure>\n<\/figure>\n\n\n\n<div class=\"wp-block-columns is-layout-flex wp-container-core-columns-is-layout-9d6595d7 wp-block-columns-is-layout-flex\">\n<div class=\"wp-block-column is-layout-flow wp-block-column-is-layout-flow\" style=\"flex-basis:50%\">\n<figure class=\"wp-block-video aligncenter\"><video height=\"1920\" style=\"aspect-ratio: 1080 \/ 1920;\" width=\"1080\" controls src=\"https:\/\/www.krgprojects.com\/wp-content\/uploads\/2022\/06\/ch2.mp4-music.mp4\"><\/video><\/figure>\n<\/div>\n<\/div>\n","protected":false},"excerpt":{"rendered":"<p>Prix Description Belle chambre lumineuse de 11 m2. Agr\u00e9ablement illumin\u00e9e par les rayons du soleil en milieu d&rsquo;apr\u00e8s-midi, elle est constitu\u00e9e d&rsquo;un grand lit 2 places avec une t\u00eate de lit, 1 table de chevet, 1 lampe et un bureau avec une lampe de bureau.<\/p>\n","protected":false},"author":1,"featured_media":0,"parent":194,"menu_order":3,"comment_status":"closed","ping_status":"closed","template":"","meta":{"footnotes":""},"class_list":["post-203","page","type-page","status-publish","hentry"],"_links":{"self":[{"href":"https:\/\/www.krgprojects.com\/index.php\/wp-json\/wp\/v2\/pages\/203","targetHints":{"allow":["GET"]}}],"collection":[{"href":"https:\/\/www.krgprojects.com\/index.php\/wp-json\/wp\/v2\/pages"}],"about":[{"href":"https:\/\/www.krgprojects.com\/index.php\/wp-json\/wp\/v2\/types\/page"}],"author":[{"embeddable":true,"href":"https:\/\/www.krgprojects.com\/index.php\/wp-json\/wp\/v2\/users\/1"}],"replies":[{"embeddable":true,"href":"https:\/\/www.krgprojects.com\/index.php\/wp-json\/wp\/v2\/comments?post=203"}],"version-history":[{"count":8,"href":"https:\/\/www.krgprojects.com\/index.php\/wp-json\/wp\/v2\/pages\/203\/revisions"}],"predecessor-version":[{"id":502,"href":"https:\/\/www.krgprojects.com\/index.php\/wp-json\/wp\/v2\/pages\/203\/revisions\/502"}],"up":[{"embeddable":true,"href":"https:\/\/www.krgprojects.com\/index.php\/wp-json\/wp\/v2\/pages\/194"}],"wp:attachment":[{"href":"https:\/\/www.krgprojects.com\/index.php\/wp-json\/wp\/v2\/media?parent=203"}],"curies":[{"name":"wp","href":"https:\/\/api.w.org\/{rel}","templated":true}]}}