{"id":204,"date":"2022-05-30T22:45:34","date_gmt":"2022-05-30T20:45:59","guid":{"rendered":"https:\/\/www.krgprojects.com\/index.php\/henry13-votre-super-colocation-a-angers\/2eme-etage\/chambre-1-2-2-2-2\/"},"modified":"2025-12-14T18:51:41","modified_gmt":"2025-12-14T17:51:41","slug":"chambre-5","status":"publish","type":"page","link":"https:\/\/www.krgprojects.com\/index.php\/visite-par-piece\/2eme-etage\/chambre-5\/","title":{"rendered":"Chambre 5"},"content":{"rendered":"\n<h2 class=\"wp-block-heading\">Prix<\/h2>\n\n\n\n<ul class=\"wp-block-list\">\n<li>Loyer : 485 \u20ac<\/li>\n\n\n\n<li>Provision pour charges : 60 \u20ac (r\u00e9gularisation annuelle)<\/li>\n<\/ul>\n\n\n\n<h2 class=\"wp-block-heading\">Description<\/h2>\n\n\n\n<p>Belle chambre lumineuse de 11 m2 avec un dressing.<\/p>\n\n\n\n<p>Ensoleill\u00e9e en fin de matin\u00e9e, elle est constitu\u00e9e d&rsquo;un grand lit 2 places avec une t\u00eate de lit, 1 table de chevet, 1 lampe et un bureau avec une lampe de bureau.<\/p>\n\n\n\n<figure class=\"wp-block-gallery has-nested-images columns-default is-cropped wp-block-gallery-1 is-layout-flex wp-block-gallery-is-layout-flex\">\n<figure class=\"wp-block-image size-large\"><img loading=\"lazy\" decoding=\"async\" width=\"768\" height=\"1024\" data-id=\"122\" src=\"https:\/\/www.krgprojects.com\/wp-content\/uploads\/2022\/05\/IMG_0720-768x1024.jpg\" alt=\"\" class=\"wp-image-122\" srcset=\"https:\/\/www.krgprojects.com\/wp-content\/uploads\/2022\/05\/IMG_0720-768x1024.jpg 768w, https:\/\/www.krgprojects.com\/wp-content\/uploads\/2022\/05\/IMG_0720-225x300.jpg 225w, https:\/\/www.krgprojects.com\/wp-content\/uploads\/2022\/05\/IMG_0720-1152x1536.jpg 1152w, https:\/\/www.krgprojects.com\/wp-content\/uploads\/2022\/05\/IMG_0720-1536x2048.jpg 1536w, https:\/\/www.krgprojects.com\/wp-content\/uploads\/2022\/05\/IMG_0720-scaled.jpg 1920w\" sizes=\"auto, (max-width: 768px) 100vw, 768px\" \/><\/figure>\n\n\n\n<figure class=\"wp-block-image size-large\"><img loading=\"lazy\" decoding=\"async\" width=\"768\" height=\"1024\" data-id=\"123\" src=\"https:\/\/www.krgprojects.com\/wp-content\/uploads\/2022\/05\/IMG_0721-768x1024.jpg\" alt=\"\" class=\"wp-image-123\" srcset=\"https:\/\/www.krgprojects.com\/wp-content\/uploads\/2022\/05\/IMG_0721-768x1024.jpg 768w, https:\/\/www.krgprojects.com\/wp-content\/uploads\/2022\/05\/IMG_0721-225x300.jpg 225w, https:\/\/www.krgprojects.com\/wp-content\/uploads\/2022\/05\/IMG_0721-1152x1536.jpg 1152w, https:\/\/www.krgprojects.com\/wp-content\/uploads\/2022\/05\/IMG_0721-1536x2048.jpg 1536w, https:\/\/www.krgprojects.com\/wp-content\/uploads\/2022\/05\/IMG_0721-scaled.jpg 1920w\" sizes=\"auto, (max-width: 768px) 100vw, 768px\" \/><\/figure>\n\n\n\n<figure class=\"wp-block-image size-large\"><img loading=\"lazy\" decoding=\"async\" width=\"1024\" height=\"768\" data-id=\"175\" src=\"https:\/\/www.krgprojects.com\/wp-content\/uploads\/2022\/05\/IMG_0742-1024x768.jpg\" alt=\"\" class=\"wp-image-175\" srcset=\"https:\/\/www.krgprojects.com\/wp-content\/uploads\/2022\/05\/IMG_0742-1024x768.jpg 1024w, https:\/\/www.krgprojects.com\/wp-content\/uploads\/2022\/05\/IMG_0742-300x225.jpg 300w, https:\/\/www.krgprojects.com\/wp-content\/uploads\/2022\/05\/IMG_0742-768x576.jpg 768w, https:\/\/www.krgprojects.com\/wp-content\/uploads\/2022\/05\/IMG_0742-1536x1152.jpg 1536w, https:\/\/www.krgprojects.com\/wp-content\/uploads\/2022\/05\/IMG_0742-2048x1536.jpg 2048w, https:\/\/www.krgprojects.com\/wp-content\/uploads\/2022\/05\/IMG_0742-2000x1500.jpg 2000w\" sizes=\"auto, (max-width: 1024px) 100vw, 1024px\" \/><\/figure>\n<\/figure>\n","protected":false},"excerpt":{"rendered":"<p>Prix Description Belle chambre lumineuse de 11 m2 avec un dressing. Ensoleill\u00e9e en fin de matin\u00e9e, elle est constitu\u00e9e d&rsquo;un grand lit 2 places avec une t\u00eate de lit, 1 table de chevet, 1 lampe et un bureau avec une lampe de bureau.<\/p>\n","protected":false},"author":1,"featured_media":0,"parent":196,"menu_order":3,"comment_status":"closed","ping_status":"closed","template":"","meta":{"footnotes":""},"class_list":["post-204","page","type-page","status-publish","hentry"],"_links":{"self":[{"href":"https:\/\/www.krgprojects.com\/index.php\/wp-json\/wp\/v2\/pages\/204","targetHints":{"allow":["GET"]}}],"collection":[{"href":"https:\/\/www.krgprojects.com\/index.php\/wp-json\/wp\/v2\/pages"}],"about":[{"href":"https:\/\/www.krgprojects.com\/index.php\/wp-json\/wp\/v2\/types\/page"}],"author":[{"embeddable":true,"href":"https:\/\/www.krgprojects.com\/index.php\/wp-json\/wp\/v2\/users\/1"}],"replies":[{"embeddable":true,"href":"https:\/\/www.krgprojects.com\/index.php\/wp-json\/wp\/v2\/comments?post=204"}],"version-history":[{"count":7,"href":"https:\/\/www.krgprojects.com\/index.php\/wp-json\/wp\/v2\/pages\/204\/revisions"}],"predecessor-version":[{"id":512,"href":"https:\/\/www.krgprojects.com\/index.php\/wp-json\/wp\/v2\/pages\/204\/revisions\/512"}],"up":[{"embeddable":true,"href":"https:\/\/www.krgprojects.com\/index.php\/wp-json\/wp\/v2\/pages\/196"}],"wp:attachment":[{"href":"https:\/\/www.krgprojects.com\/index.php\/wp-json\/wp\/v2\/media?parent=204"}],"curies":[{"name":"wp","href":"https:\/\/api.w.org\/{rel}","templated":true}]}}