{"id":215,"date":"2022-05-30T22:50:34","date_gmt":"2022-05-30T20:50:06","guid":{"rendered":"https:\/\/www.krgprojects.com\/index.php\/henry13-votre-super-colocation-a-angers\/1er-etage\/buanderie-3\/"},"modified":"2025-12-14T18:24:56","modified_gmt":"2025-12-14T17:24:56","slug":"sdb-2","status":"publish","type":"page","link":"https:\/\/www.krgprojects.com\/index.php\/visite-par-piece\/2eme-etage\/sdb-2\/","title":{"rendered":"Salle de bains"},"content":{"rendered":"\n<p>La salle de bains du 2\u00e8me est r\u00e9serv\u00e9e aux locataires du 2\u00e8me. Elle comprend \u00e9galement un WC.<\/p>\n\n\n\n<figure class=\"wp-block-gallery has-nested-images columns-default is-cropped wp-block-gallery-1 is-layout-flex wp-block-gallery-is-layout-flex\">\n<figure class=\"wp-block-image size-large\"><img loading=\"lazy\" decoding=\"async\" width=\"768\" height=\"1024\" data-id=\"406\" src=\"https:\/\/www.krgprojects.com\/wp-content\/uploads\/2022\/06\/PHOTO-2022-06-02-18-08-24-3-768x1024.jpg\" alt=\"\" class=\"wp-image-406\" srcset=\"https:\/\/www.krgprojects.com\/wp-content\/uploads\/2022\/06\/PHOTO-2022-06-02-18-08-24-3-768x1023.jpg 768w, https:\/\/www.krgprojects.com\/wp-content\/uploads\/2022\/06\/PHOTO-2022-06-02-18-08-24-3-225x300.jpg 225w, https:\/\/www.krgprojects.com\/wp-content\/uploads\/2022\/06\/PHOTO-2022-06-02-18-08-24-3-1153x1536.jpg 1153w, https:\/\/www.krgprojects.com\/wp-content\/uploads\/2022\/06\/PHOTO-2022-06-02-18-08-24-3.jpg 1200w\" sizes=\"auto, (max-width: 768px) 100vw, 768px\" \/><\/figure>\n<\/figure>\n","protected":false},"excerpt":{"rendered":"<p>La salle de bains du 2\u00e8me est r\u00e9serv\u00e9e aux locataires du 2\u00e8me. Elle comprend \u00e9galement un WC.<\/p>\n","protected":false},"author":1,"featured_media":0,"parent":196,"menu_order":0,"comment_status":"closed","ping_status":"closed","template":"","meta":{"footnotes":""},"class_list":["post-215","page","type-page","status-publish","hentry"],"_links":{"self":[{"href":"https:\/\/www.krgprojects.com\/index.php\/wp-json\/wp\/v2\/pages\/215","targetHints":{"allow":["GET"]}}],"collection":[{"href":"https:\/\/www.krgprojects.com\/index.php\/wp-json\/wp\/v2\/pages"}],"about":[{"href":"https:\/\/www.krgprojects.com\/index.php\/wp-json\/wp\/v2\/types\/page"}],"author":[{"embeddable":true,"href":"https:\/\/www.krgprojects.com\/index.php\/wp-json\/wp\/v2\/users\/1"}],"replies":[{"embeddable":true,"href":"https:\/\/www.krgprojects.com\/index.php\/wp-json\/wp\/v2\/comments?post=215"}],"version-history":[{"count":4,"href":"https:\/\/www.krgprojects.com\/index.php\/wp-json\/wp\/v2\/pages\/215\/revisions"}],"predecessor-version":[{"id":490,"href":"https:\/\/www.krgprojects.com\/index.php\/wp-json\/wp\/v2\/pages\/215\/revisions\/490"}],"up":[{"embeddable":true,"href":"https:\/\/www.krgprojects.com\/index.php\/wp-json\/wp\/v2\/pages\/196"}],"wp:attachment":[{"href":"https:\/\/www.krgprojects.com\/index.php\/wp-json\/wp\/v2\/media?parent=215"}],"curies":[{"name":"wp","href":"https:\/\/api.w.org\/{rel}","templated":true}]}}